 12450480?
120
What is the highest common divisor of 6741129 and 4080?
51
What is the greatest common factor of 61295215 and 2015?
155
What is the greatest common divisor of 67 and 849993959?
67
Calculate the highest common factor of 191820 and 4513980.
1380
What is the highest common factor of 5175126 and 14850?
198
Calculate the highest common divisor of 1182 and 382180.
394
Calculate the greatest common factor of 8520 and 18165.
15
What is the greatest common factor of 26 and 1864823662?
26
What is the greatest common factor of 2944 and 40152848?
368
Calculate the highest common factor of 1155 and 36279837.
33
What is the highest common divisor of 5325971 and 122?
61
Calculate the greatest common divisor of 33003943 and 2233.
203
Calculate the highest common divisor of 557558 and 3496899.
1871
What is the highest common factor of 91314090 and 18?
18
What is the greatest common divisor of 444 and 18644781?
111
What is the highest common factor of 265 and 63002213?
53
What is the greatest common divisor of 7040693 and 259?
37
Calculate the highest common divisor of 127944564 and 6138.
2046
What is the highest common factor of 70295490 and 50?
10
Calculate the greatest common factor of 19047044 and 342.
38
What is the highest common factor of 4520 and 2024395?
565
What is the greatest common divisor of 1870423 and 3922?
53
Calculate the highest common factor of 401252280 and 4355.
4355
Calculate the greatest common divisor of 66667456 and 104.
8
What is the greatest common divisor of 83779 and 91739?
199
What is the greatest common factor of 20308945 and 1393?
199
Calculate the highest common factor of 4648 and 270506047.
581
Calculate the highest common divisor of 18494 and 7798.
14
Calculate the highest common divisor of 2331840 and 5320.
280
Calculate the highest common factor of 38428642 and 2219.
2219
What is the greatest common factor of 407987 and 855323?
2071
Calculate the highest common factor of 430544 and 47428.
284
What is the highest common divisor of 677935 and 30545?
205
Calculate the greatest common divisor of 144 and 3577864.
8
Calculate the highest common divisor of 425 and 8981593.
17
What is the greatest common factor of 10954491 and 30?
3
Calculate the greatest common divisor of 205 and 6010723.
41
Calculate the greatest common divisor of 10866537 and 198.
99
Calculate the greatest common divisor of 54 and 896373.
27
What is the greatest common factor of 225 and 9644775?
75
Calculate the highest common divisor of 608 and 1634114.
38
Calculate the highest common divisor of 420 and 5324970.
210
Calculate the greatest common divisor of 5502378 and 21000.
42
Calculate the highest common factor of 4 and 13924622.
2
Calculate the greatest common divisor of 32 and 19406368.
32
Calculate the highest common divisor of 2808 and 2809638.
234
Calculate the highest common divisor of 21757300 and 900.
100
Calculate the greatest common factor of 271819 and 95144764.
4057
Calculate the greatest common factor of 397716 and 2622.
138
Calculate the highest common divisor of 3024869 and 901.
53
Calculate the greatest common factor of 5576 and 204113662.
1394
Calculate the highest common factor of 118854 and 116227.
71
Calculate the greatest common factor of 27160596 and 24.
12
What is the greatest common divisor of 8633 and 7858077?
89
Calculate the greatest common divisor of 181 and 38445486.
181
Calculate the greatest common divisor of 3917091 and 6493.
151
What is the greatest common factor of 361 and 239185965?
361
Calculate the highest common divisor of 216 and 421218.
18
What is the highest common factor of 20074614 and 21?
21
Calculate the highest common divisor of 98954412 and 84.
12
Calculate the greatest common divisor of 1887249 and 231.
21
What is the greatest common factor of 400 and 476368?
16
Calculate the greatest common factor of 235024 and 2960.
592
Calculate the greatest common factor of 1271553480 and 300.
60
What is the highest common factor of 52179616 and 4885?
977
What is the highest common divisor of 26326148 and 172?
172
What is the greatest common factor of 79235 and 38828140?
1495
Calculate the highest common divisor of 2274331715 and 5.
5
What is the highest common factor of 32107293 and 27?
27
Calculate the greatest common divisor of 138387 and 13692.
489
What is the highest common divisor of 2381972 and 3468?
68
Calculate the highest common factor of 409784 and 1981.
283
What is the highest common factor of 8352 and 947430?
522
What is the greatest common factor of 1980 and 9218385?
495
Calculate the highest common divisor of 1057935 and 8985.
15
What is the greatest common divisor of 220 and 475090?
110
Calculate the highest common factor of 3383042 and 5294761.
10009
What is the highest common divisor of 19338 and 85303434?
1758
Calculate the greatest common factor of 54239096 and 24.
8
What is the highest common factor of 858 and 31383222?
78
What is the highest common divisor of 143925766 and 138?
46
Calculate the greatest common divisor of 151711326 and 13.
13
Calculate the highest common factor of 64778060 and 24041.
829
What is the highest common factor of 3020353 and 217?
7
What is the greatest common factor of 684 and 1545867?
9
What is the highest common factor of 765 and 7174595?
85
What is the highest common factor of 38379572 and 231?
77
What is the highest common divisor of 2824166 and 2136672?
4946
Calculate the greatest common factor of 136220651 and 69.
23
Calculate the highest common factor of 98277 and 9799.
41
Calculate the highest common divisor of 34101 and 8621640.
81
Calculate the greatest common factor of 144 and 5816376.
72
Calculate the highest common divisor of 608100 and 1704.
12
Calculate the highest common factor of 9389 and 419471.
41
What is the highest common divisor of 4095 and 8159025?
105
Calculate the highest common divisor of 288416 and 5392.
16
What is the greatest common factor of 9207 and 1650099?
1023
What is the greatest common divisor of 641 and 1163246417?
641
What is the highest common divisor of 1975 and 119165575?
1975
Calculate the greatest common factor of 78 and 94744.
26
What is the highest common divisor of 6943 and 2275339?
131
What is the greatest common factor of 353 and 20365982?
353
What is the highest common divisor of 9064 and 3413008?
824
Calculate the greatest common factor of 105 and 789979449.
21
Calculate the highest common divisor of 33 and 11516593.
11
Calculate the highest common factor of 1088 and 74744.
8
What is the greatest common divisor of 4184349 and 9672?
1209
Calculate the greatest common factor of 168 and 2285616.
24
What is the highest common factor of 112 and 35890456?
56
What is the greatest common divisor of 81840 and 297?
33
What is the greatest common divisor of 11578787 and 66?
11
What is the highest common divisor of 17260530 and 84?
42
Calculate the highest common factor of 48 and 280461612.
12
What is the greatest common factor of 47015208 and 1260?
36
What is the highest common factor of 17955 and 1761129?
513
Calculate the greatest common divisor of 34371603 and 12852.
1071
Calculate the highest common factor of 270645201 and 81.
9
What is the greatest common factor of 3765960 and 432?
216
What is the greatest common divisor of 2043 and 6091545?
681
What is the greatest common divisor of 9330 and 307483212?
1866
What is the greatest common factor of 18382 and 182?
182
Calculate the greatest common divisor of 256 and 128812.
4
What is the highest common factor of 15404 and 327419722?
7702
Calculate the greatest common divisor of 10 and 2407820.
10
Calculate the greatest common divisor of 1453 and 41856571.
1453
What is the highest common divisor of 54 and 674046?
18
What is the highest common factor of 91192 and 3984?
8
Calculate the greatest common divisor of 107358742 and 681.
227
Calculate the highest common factor of 54000 and 50736240.
2160
What is the highest common factor of 126 and 31040520?
42
Calculate the highest common factor of 33299 and 44091.
71
Calculate the highest common divisor of 4146768 and 2376.
216
Calculate the greatest common factor of 283840054 and 3958.
3958
Calculate the greatest common factor of 144 and 3613032.
72
Calculate the greatest common factor of 3129320 and 390.
10
What is the high